{"id":3856,"date":"2025-10-14T17:33:44","date_gmt":"2025-10-14T17:33:44","guid":{"rendered":"https:\/\/content.scienceofecd.com\/transcript\/?page_id=3856"},"modified":"2025-10-14T17:33:44","modified_gmt":"2025-10-14T17:33:44","slug":"transcript-gunnar-prefrontal-cortex-fr-2","status":"publish","type":"page","link":"https:\/\/content.scienceofecd.com\/transcript\/transcript-gunnar-prefrontal-cortex-fr-2\/","title":{"rendered":"Transcript Gunnar &#8211; prefrontal cortex &#8211; FR"},"content":{"rendered":"\n<p class=\"wp-block-paragraph\">Les r\u00e9gions du cortex pr\u00e9frontal sont les r\u00e9gions o\u00f9&nbsp;si\u00e8gent la pens\u00e9e et le raisonnement, soit les fonctions d\u2019ordre sup\u00e9rieur du cerveau. Mais certaines de ces r\u00e9gions dans la zone m\u00e9diale &#8211; centrale \u2013&nbsp;interviennent dans la r\u00e9gulation du stress. La logique, ou la logique de la nature&nbsp;semble \u00eatre que si nous allons grandir,&nbsp;ou si nous allons vivre dans&nbsp;un environnement mena\u00e7ant, nous devons \u00eatre une personne&nbsp;qui agit d\u2019abord et qui pense apr\u00e8s coup.&nbsp;Et donc ces impulsions que nous ressentons,&nbsp;ce qui arrive au cerveau, nous font percevoir une menace et nous font r\u00e9agir.&nbsp;Le cortex pr\u00e9frontal ne dit pas&nbsp;:&nbsp;\u00ab&nbsp;Attendons une minute, r\u00e9fl\u00e9chissons-y.&nbsp;Devrions-nous courir?&nbsp;Devrions-nous rester?&nbsp;Est-ce que c\u2019\u00e9tait un tigre?&nbsp;Avait-il des rayures?&nbsp;\u00bb.&nbsp;Non, le cerveau fait [tape dans les mains] \u00ab&nbsp;On fout le camp!&nbsp;\u00bb Et nous \u00e9prouvons un penchant en ce sens.&nbsp;C\u2019est ce que nous croyons qui se passe.&nbsp;Nous cherchons des preuves que cela se produit.&nbsp;Cela correspond certainement \u00e0 ce que nous croyons&nbsp;\u00eatre l\u2019une des plus grandes difficult\u00e9s pour les enfants&nbsp;qui grandissent avec un stress vraiment chronique.&nbsp;C\u2019est-\u00e0-dire qu\u2019ils fr\u00e9quentent des milieux comme&nbsp;l\u2019\u00e9cole, o\u00f9 ils doivent beaucoup penser,&nbsp;et inhiber leurs r\u00e9actions souvent.&nbsp;Et c\u2019est vraiment, vraiment difficile pour eux&nbsp;surtout quand ils sont distraits, surtout si&nbsp;quelque chose se passe \u00e0 la maison,&nbsp;ce qui est souvent le cas et ce qui les rend plus anxieux.&nbsp;Ils basculent vers le comportement de&nbsp;la r\u00e9action d\u2019abord et la pens\u00e9e apr\u00e8s.&nbsp;Et le contexte scolaire, le contexte dont nous&nbsp;avons besoin pour bien gagner notre vie,&nbsp;prouve \u00eatre difficile parce que le cerveau, par suite de&nbsp;si\u00e8cles d\u2019\u00e9volution, s\u2019est \u00e9tabli en fonction de la survie&nbsp;dans un type d\u2019environnement tr\u00e8s diff\u00e9rent.&nbsp;Nous apprenons \u00e0 enseigner \u00e0 ces enfants des fa\u00e7ons de&nbsp;refaire les branchements, n\u2019est-ce pas, et nous cherchons des preuves.&nbsp;La preuve la plus claire que nous ayons jamais&nbsp;observ\u00e9e est un volume c\u00e9r\u00e9bral r\u00e9duit,&nbsp;en particulier dans les lobes pr\u00e9frontaux.&nbsp;Ce facteur est demeur\u00e9 coh\u00e9rent,&nbsp;encore et encore,&nbsp;et il s\u2019agit de notre trouvaille que le cortex pr\u00e9frontal&nbsp;a vraiment du mal \u00e0 se d\u00e9velopper&nbsp;dans le contexte de l\u2019adversit\u00e9.<\/p>\n","protected":false},"excerpt":{"rendered":"<p>Les r\u00e9gions du cortex pr\u00e9frontal sont les r\u00e9gions o\u00f9&nbsp;si\u00e8gent la pens\u00e9e et le raisonnement, soit les fonctions d\u2019ordre sup\u00e9rieur du cerveau. Mais certaines de ces r\u00e9gions dans la zone m\u00e9diale &#8211; centrale \u2013&nbsp;interviennent dans la r\u00e9gulation du stress. La logique, ou la logique de la nature&nbsp;semble \u00eatre que si nous allons grandir,&nbsp;ou si nous allons [&hellip;]<\/p>\n","protected":false},"author":39,"featured_media":0,"parent":0,"menu_order":0,"comment_status":"closed","ping_status":"closed","template":"template-text-only.php","meta":{"_acf_changed":false,"footnotes":""},"class_list":["post-3856","page","type-page","status-publish","hentry"],"acf":[],"_links":{"self":[{"href":"https:\/\/content.scienceofecd.com\/transcript\/wp-json\/wp\/v2\/pages\/3856","targetHints":{"allow":["GET"]}}],"collection":[{"href":"https:\/\/content.scienceofecd.com\/transcript\/wp-json\/wp\/v2\/pages"}],"about":[{"href":"https:\/\/content.scienceofecd.com\/transcript\/wp-json\/wp\/v2\/types\/page"}],"author":[{"embeddable":true,"href":"https:\/\/content.scienceofecd.com\/transcript\/wp-json\/wp\/v2\/users\/39"}],"replies":[{"embeddable":true,"href":"https:\/\/content.scienceofecd.com\/transcript\/wp-json\/wp\/v2\/comments?post=3856"}],"version-history":[{"count":1,"href":"https:\/\/content.scienceofecd.com\/transcript\/wp-json\/wp\/v2\/pages\/3856\/revisions"}],"predecessor-version":[{"id":3857,"href":"https:\/\/content.scienceofecd.com\/transcript\/wp-json\/wp\/v2\/pages\/3856\/revisions\/3857"}],"wp:attachment":[{"href":"https:\/\/content.scienceofecd.com\/transcript\/wp-json\/wp\/v2\/media?parent=3856"}],"curies":[{"name":"wp","href":"https:\/\/api.w.org\/{rel}","templated":true}]}}

<p class="wp-block-paragraph">Les régions du cortex préfrontal sont les régions où&nbsp;siègent la pensée et le raisonnement, soit les fonctions d’ordre supérieur du cerveau. Mais certaines de ces régions dans la zone médiale &#8211; centrale –&nbsp;interviennent dans la régulation du stress. La logique, ou la logique de la nature&nbsp;semble être que si nous allons grandir,&nbsp;ou si nous allons vivre dans&nbsp;un environnement menaçant, nous devons être une personne&nbsp;qui agit d’abord et qui pense après coup.&nbsp;Et donc ces impulsions que nous ressentons,&nbsp;ce qui arrive au cerveau, nous font percevoir une menace et nous font réagir.&nbsp;Le cortex préfrontal ne dit pas&nbsp;:&nbsp;«&nbsp;Attendons une minute, réfléchissons-y.&nbsp;Devrions-nous courir?&nbsp;Devrions-nous rester?&nbsp;Est-ce que c’était un tigre?&nbsp;Avait-il des rayures?&nbsp;».&nbsp;Non, le cerveau fait [tape dans les mains] «&nbsp;On fout le camp!&nbsp;» Et nous éprouvons un penchant en ce sens.&nbsp;C’est ce que nous croyons qui se passe.&nbsp;Nous cherchons des preuves que cela se produit.&nbsp;Cela correspond certainement à ce que nous croyons&nbsp;être l’une des plus grandes difficultés pour les enfants&nbsp;qui grandissent avec un stress vraiment chronique.&nbsp;C’est-à-dire qu’ils fréquentent des milieux comme&nbsp;l’école, où ils doivent beaucoup penser,&nbsp;et inhiber leurs réactions souvent.&nbsp;Et c’est vraiment, vraiment difficile pour eux&nbsp;surtout quand ils sont distraits, surtout si&nbsp;quelque chose se passe à la maison,&nbsp;ce qui est souvent le cas et ce qui les rend plus anxieux.&nbsp;Ils basculent vers le comportement de&nbsp;la réaction d’abord et la pensée après.&nbsp;Et le contexte scolaire, le contexte dont nous&nbsp;avons besoin pour bien gagner notre vie,&nbsp;prouve être difficile parce que le cerveau, par suite de&nbsp;siècles d’évolution, s’est établi en fonction de la survie&nbsp;dans un type d’environnement très différent.&nbsp;Nous apprenons à enseigner à ces enfants des façons de&nbsp;refaire les branchements, n’est-ce pas, et nous cherchons des preuves.&nbsp;La preuve la plus claire que nous ayons jamais&nbsp;observée est un volume cérébral réduit,&nbsp;en particulier dans les lobes préfrontaux.&nbsp;Ce facteur est demeuré cohérent,&nbsp;encore et encore,&nbsp;et il s’agit de notre trouvaille que le cortex préfrontal&nbsp;a vraiment du mal à se développer&nbsp;dans le contexte de l’adversité.</p>

<p>Les régions du cortex préfrontal sont les régions où&nbsp;siègent la pensée et le raisonnement, soit les fonctions d’ordre supérieur du cerveau. Mais certaines de ces régions dans la zone médiale &#8211; centrale –&nbsp;interviennent dans la régulation du stress. La logique, ou la logique de la nature&nbsp;semble être que si nous allons grandir,&nbsp;ou si nous allons [&hellip;]</p>
