{"id":3235,"date":"2025-04-23T21:04:16","date_gmt":"2025-04-23T21:04:16","guid":{"rendered":"https:\/\/content.scienceofecd.com\/transcript\/?page_id=3235"},"modified":"2025-04-23T21:04:16","modified_gmt":"2025-04-23T21:04:16","slug":"transcript-peters-longitudinal-findings-fr","status":"publish","type":"page","link":"https:\/\/content.scienceofecd.com\/transcript\/transcript-peters-longitudinal-findings-fr\/","title":{"rendered":"Transcript Peters \u2013 longitudinal findings \u2013 FR"},"content":{"rendered":"\n<p class=\"wp-block-paragraph\">Non seulement nous avons \u00e9tudi\u00e9 les enfants de 4&nbsp;\u00e0 8&nbsp;ans lorsqu\u2019ils participaient au programme, mais aussi lorsqu\u2019ils \u00e9taient en 3<sup>e<\/sup>&nbsp;ann\u00e9e, en 6<sup>e<\/sup>&nbsp;ann\u00e9e, en 9<sup>e<\/sup>&nbsp;ann\u00e9e et, tout r\u00e9cemment, en 12<sup>e<\/sup>&nbsp;ann\u00e9e. La raison pour laquelle nous nous sommes concentr\u00e9s sur le suivi \u00e0 long terme de ces enfants est qu\u2019ils ont pr\u00e9sent\u00e9 les effets \u00e0 long terme les plus positifs. Par exemple, lorsqu\u2019ils \u00e9taient en 6<sup>e<\/sup>&nbsp;ann\u00e9e, les r\u00e9sultats positifs \u00e9taient toujours l\u00e0 pour les enfants et leurs parents. Fait int\u00e9ressant, en 9<sup>e<\/sup>&nbsp;ann\u00e9e, ils \u00e9taient encore plus puissants. Des facteurs comme la performance scolaire \u00e9taient beaucoup plus forts chez les enfants du programme Partir d\u2019un bon pas que chez les enfants de comparaison. Le personnel enseignant a indiqu\u00e9 qu\u2019ils \u00e9taient moins hyperactifs et inattentifs en classe. Ils s\u2019int\u00e9ressaient davantage \u00e0 l\u2019\u00e9cole. Les taux d\u2019\u00e9ducation sp\u00e9ciale \u00e9taient inf\u00e9rieurs dans les \u00e9coles Partir d\u2019un bon pas. Les parents ont signal\u00e9 un fonctionnement familial am\u00e9lior\u00e9 et un soutien social accru. Lorsque les enfants \u00e9taient en 12<sup>e<\/sup>&nbsp;ann\u00e9e, les parents ont rapport\u00e9 moins de niveaux cliniques de d\u00e9pression chez les parents, et des r\u00e9sultats positifs quant aux perceptions sur la communaut\u00e9. La communaut\u00e9 \u00e9tait per\u00e7ue comme \u00e9tant plus coh\u00e9sive, et les parents et les enfants en \u00e9taient plus satisfaits. Les enfants en 12<sup>e<\/sup>&nbsp;ann\u00e9e, qui \u00e9taient maintenant des jeunes de 18&nbsp;ans, ont signal\u00e9 un pourcentage inf\u00e9rieur de crimes contre les biens. Nous avons aussi r\u00e9alis\u00e9 une analyse \u00e9conomique pour voir combien avait co\u00fbt\u00e9 le projet Partir d\u2019un bon pas et savoir s\u2019il avait permis d\u2019\u00e9conomiser de l\u2019argent \u00e0 long terme. Nous avons constat\u00e9 qu\u2019\u00e0 la 12<sup>e<\/sup>&nbsp;ann\u00e9e, les services financ\u00e9s par le gouvernement, particuli\u00e8rement l\u2019\u00e9ducation sp\u00e9ciale et la s\u00e9curit\u00e9 sociale, \u00e9taient inf\u00e9rieurs dans les communaut\u00e9s Partir d\u2019un bon pas que dans les communaut\u00e9s de comparaison. En effet, les \u00e9conomies de co\u00fbts r\u00e9alis\u00e9es par le gouvernement ont compens\u00e9 l\u2019investissement fait dans le programme lorsque les enfants avaient de 4&nbsp;\u00e0 8&nbsp;ans. Nous avons pu montrer que pour chaque dollar investi dans le programme par le gouvernement, les \u00e9conomies lorsque les enfants \u00e9taient en 12<sup>e<\/sup>&nbsp;ann\u00e9e s\u2019\u00e9levaient \u00e0 2,50&nbsp;$. Nous avons estim\u00e9 que le programme co\u00fbte environ 750&nbsp;$ par enfant par ann\u00e9e pendant quatre ans, soit un investissement dans l\u2019enfant d\u2019environ 3&nbsp;000&nbsp;$ sur une p\u00e9riode de quatre ans. Je crois que nous avons appris l\u2019importance de faire le suivi des co\u00fbts des programmes et de conna\u00eetre leur co\u00fbt r\u00e9el de mise en \u0153uvre, mais aussi de voir quels sont les avantages \u00e9conomiques, le cas \u00e9ch\u00e9ant, \u00e0 plus long terme.<\/p>\n","protected":false},"excerpt":{"rendered":"<p>Non seulement nous avons \u00e9tudi\u00e9 les enfants de 4&nbsp;\u00e0 8&nbsp;ans lorsqu\u2019ils participaient au programme, mais aussi lorsqu\u2019ils \u00e9taient en 3e&nbsp;ann\u00e9e, en 6e&nbsp;ann\u00e9e, en 9e&nbsp;ann\u00e9e et, tout r\u00e9cemment, en 12e&nbsp;ann\u00e9e. La raison pour laquelle nous nous sommes concentr\u00e9s sur le suivi \u00e0 long terme de ces enfants est qu\u2019ils ont pr\u00e9sent\u00e9 les effets \u00e0 long terme [&hellip;]<\/p>\n","protected":false},"author":39,"featured_media":0,"parent":0,"menu_order":0,"comment_status":"closed","ping_status":"closed","template":"template-text-only.php","meta":{"_acf_changed":false,"footnotes":""},"class_list":["post-3235","page","type-page","status-publish","hentry"],"acf":[],"_links":{"self":[{"href":"https:\/\/content.scienceofecd.com\/transcript\/wp-json\/wp\/v2\/pages\/3235","targetHints":{"allow":["GET"]}}],"collection":[{"href":"https:\/\/content.scienceofecd.com\/transcript\/wp-json\/wp\/v2\/pages"}],"about":[{"href":"https:\/\/content.scienceofecd.com\/transcript\/wp-json\/wp\/v2\/types\/page"}],"author":[{"embeddable":true,"href":"https:\/\/content.scienceofecd.com\/transcript\/wp-json\/wp\/v2\/users\/39"}],"replies":[{"embeddable":true,"href":"https:\/\/content.scienceofecd.com\/transcript\/wp-json\/wp\/v2\/comments?post=3235"}],"version-history":[{"count":1,"href":"https:\/\/content.scienceofecd.com\/transcript\/wp-json\/wp\/v2\/pages\/3235\/revisions"}],"predecessor-version":[{"id":3236,"href":"https:\/\/content.scienceofecd.com\/transcript\/wp-json\/wp\/v2\/pages\/3235\/revisions\/3236"}],"wp:attachment":[{"href":"https:\/\/content.scienceofecd.com\/transcript\/wp-json\/wp\/v2\/media?parent=3235"}],"curies":[{"name":"wp","href":"https:\/\/api.w.org\/{rel}","templated":true}]}}

<p class="wp-block-paragraph">Non seulement nous avons étudié les enfants de 4&nbsp;à 8&nbsp;ans lorsqu’ils participaient au programme, mais aussi lorsqu’ils étaient en 3<sup>e</sup>&nbsp;année, en 6<sup>e</sup>&nbsp;année, en 9<sup>e</sup>&nbsp;année et, tout récemment, en 12<sup>e</sup>&nbsp;année. La raison pour laquelle nous nous sommes concentrés sur le suivi à long terme de ces enfants est qu’ils ont présenté les effets à long terme les plus positifs. Par exemple, lorsqu’ils étaient en 6<sup>e</sup>&nbsp;année, les résultats positifs étaient toujours là pour les enfants et leurs parents. Fait intéressant, en 9<sup>e</sup>&nbsp;année, ils étaient encore plus puissants. Des facteurs comme la performance scolaire étaient beaucoup plus forts chez les enfants du programme Partir d’un bon pas que chez les enfants de comparaison. Le personnel enseignant a indiqué qu’ils étaient moins hyperactifs et inattentifs en classe. Ils s’intéressaient davantage à l’école. Les taux d’éducation spéciale étaient inférieurs dans les écoles Partir d’un bon pas. Les parents ont signalé un fonctionnement familial amélioré et un soutien social accru. Lorsque les enfants étaient en 12<sup>e</sup>&nbsp;année, les parents ont rapporté moins de niveaux cliniques de dépression chez les parents, et des résultats positifs quant aux perceptions sur la communauté. La communauté était perçue comme étant plus cohésive, et les parents et les enfants en étaient plus satisfaits. Les enfants en 12<sup>e</sup>&nbsp;année, qui étaient maintenant des jeunes de 18&nbsp;ans, ont signalé un pourcentage inférieur de crimes contre les biens. Nous avons aussi réalisé une analyse économique pour voir combien avait coûté le projet Partir d’un bon pas et savoir s’il avait permis d’économiser de l’argent à long terme. Nous avons constaté qu’à la 12<sup>e</sup>&nbsp;année, les services financés par le gouvernement, particulièrement l’éducation spéciale et la sécurité sociale, étaient inférieurs dans les communautés Partir d’un bon pas que dans les communautés de comparaison. En effet, les économies de coûts réalisées par le gouvernement ont compensé l’investissement fait dans le programme lorsque les enfants avaient de 4&nbsp;à 8&nbsp;ans. Nous avons pu montrer que pour chaque dollar investi dans le programme par le gouvernement, les économies lorsque les enfants étaient en 12<sup>e</sup>&nbsp;année s’élevaient à 2,50&nbsp;$. Nous avons estimé que le programme coûte environ 750&nbsp;$ par enfant par année pendant quatre ans, soit un investissement dans l’enfant d’environ 3&nbsp;000&nbsp;$ sur une période de quatre ans. Je crois que nous avons appris l’importance de faire le suivi des coûts des programmes et de connaître leur coût réel de mise en œuvre, mais aussi de voir quels sont les avantages économiques, le cas échéant, à plus long terme.</p>

<p>Non seulement nous avons étudié les enfants de 4&nbsp;à 8&nbsp;ans lorsqu’ils participaient au programme, mais aussi lorsqu’ils étaient en 3e&nbsp;année, en 6e&nbsp;année, en 9e&nbsp;année et, tout récemment, en 12e&nbsp;année. La raison pour laquelle nous nous sommes concentrés sur le suivi à long terme de ces enfants est qu’ils ont présenté les effets à long terme [&hellip;]</p>
