{"id":3140,"date":"2025-04-23T18:45:44","date_gmt":"2025-04-23T18:45:44","guid":{"rendered":"https:\/\/content.scienceofecd.com\/transcript\/?page_id=3140"},"modified":"2025-04-23T18:45:44","modified_gmt":"2025-04-23T18:45:44","slug":"transcript-ford-public-opinion-survey-fr","status":"publish","type":"page","link":"https:\/\/content.scienceofecd.com\/transcript\/transcript-ford-public-opinion-survey-fr\/","title":{"rendered":"Transcript Ford \u2013 public opinion survey \u2013 FR"},"content":{"rendered":"\n<p class=\"wp-block-paragraph\">La strat\u00e9gie de recrutement et de r\u00e9tention de la C.-B. avait pour but de tenter de modifier la fa\u00e7on dont le domaine de l\u2019apprentissage et de la garde des jeunes enfants est per\u00e7u en g\u00e9n\u00e9ral. Nous avons fait appel \u00e0 une entreprise qui g\u00e8re un des plus grands panels nationaux au Canada. Elle le maintient constamment pour qu\u2019il soit repr\u00e9sentatif de la population. Nous lui avons demand\u00e9 de faire un sondage en ligne de dix minutes aupr\u00e8s de ses r\u00e9pondants de la C-B. Nous voulions aussi que les adolescents des r\u00e9pondants, le cas \u00e9ch\u00e9ant, r\u00e9pondent \u00e0 un volet sp\u00e9cial portant sur les aspirations de carri\u00e8re des \u00e9l\u00e8ves du secondaire, pour voir si leurs r\u00e9ponses comprenaient l\u2019apprentissage et la garde des jeunes enfants. C\u2019est ce que nous avons appel \u00e9 un sondage d\u2019opinion publique. Il est un peu plus vaste que la normale, et nos questions diff\u00e8rent des questions habituelles, comme les intentions politiques ou la marque de dentifrice favorite. Nous leur avons demand\u00e9 leur point de vue sur le travail r\u00e9alis\u00e9 en apprentissage et garde des jeunes enfants dans la province et sur la main-d\u2019\u0153uvre dans ce domaine, ainsi que s\u2019ils souhaitaient en faire partie et les conditions sous lesquelles ils envisageraient d\u2019en faire partie. En discutant avec notre comit\u00e9 directeur, puis directement avec les travailleurs en apprentissage et garde des jeunes enfants en C.-B., nous avons rapidement appris qu\u2019ils croient qu\u2019une grande partie du public ne reconna\u00eet pas la valeur de leur travail, que le public les voit comme des \u00ab&nbsp;ba by-sitters&nbsp;\u00bb s\u2019occupant seulement des soins, et qu\u2019il ne voit pas l\u2019aspect \u00e9ducatif ayant lieu tout au long de la participation d\u2019un enfant \u00e0 leurs programmes. Nous avons demand\u00e9 aux travailleurs comment ils croient que leur travail est per\u00e7u par les personnes hors de la profession, et environ 44&nbsp;% \u00e0 45&nbsp;% ont dit que leur travail \u00e9tait grandement reconnu, ce qui laisse environ la moiti\u00e9 croyant que le public ne reconnaissait pas ce qu\u2019ils font. Par comparaison, dans le sondage d\u2019opinion&nbsp; publique, nous avons demand\u00e9 aux gens \u00e0 quel point ils reconnaissaient la valeur du travail r\u00e9alis\u00e9 par les \u00e9ducateurs des jeunes enfants \u2013&nbsp;nous l\u2019abordons sous diff\u00e9rents aspects&nbsp;\u2013, mais \u00e0 la question de base \u00e9quivalant \u00e0&nbsp; celle pos\u00e9e directement aux \u00e9ducateurs des jeunes enfants sur le sujet de &nbsp;la valeur, 86&nbsp;% des gens ont r\u00e9pondu qu\u2019ils reconnaissaient grandement la valeur du travail des \u00e9ducateurs des jeunes enfants, ce qui signifie que les travailleurs du domaine ont une perception erron\u00e9e de ce que les gens hors &nbsp;du domaine pensent de leur travail. Il est tr\u00e8s important d\u2019utiliser des forums comme les congr\u00e8s des \u00e9ducateurs des jeunes enfants et des publicit\u00e9s sur le travail&nbsp; que nous faisons. Il est fondamental de savoir que notre travail est reconnu et que notre impression fond\u00e9e sur une quelconque source consult\u00e9e est potentiellement erron\u00e9e et n\u2019est pas repr\u00e9sentative de la population dans son ensemble.<\/p>\n","protected":false},"excerpt":{"rendered":"<p>La strat\u00e9gie de recrutement et de r\u00e9tention de la C.-B. avait pour but de tenter de modifier la fa\u00e7on dont le domaine de l\u2019apprentissage et de la garde des jeunes enfants est per\u00e7u en g\u00e9n\u00e9ral. Nous avons fait appel \u00e0 une entreprise qui g\u00e8re un des plus grands panels nationaux au Canada. Elle le maintient [&hellip;]<\/p>\n","protected":false},"author":39,"featured_media":0,"parent":0,"menu_order":0,"comment_status":"closed","ping_status":"closed","template":"template-text-only.php","meta":{"_acf_changed":false,"footnotes":""},"class_list":["post-3140","page","type-page","status-publish","hentry"],"acf":[],"_links":{"self":[{"href":"https:\/\/content.scienceofecd.com\/transcript\/wp-json\/wp\/v2\/pages\/3140","targetHints":{"allow":["GET"]}}],"collection":[{"href":"https:\/\/content.scienceofecd.com\/transcript\/wp-json\/wp\/v2\/pages"}],"about":[{"href":"https:\/\/content.scienceofecd.com\/transcript\/wp-json\/wp\/v2\/types\/page"}],"author":[{"embeddable":true,"href":"https:\/\/content.scienceofecd.com\/transcript\/wp-json\/wp\/v2\/users\/39"}],"replies":[{"embeddable":true,"href":"https:\/\/content.scienceofecd.com\/transcript\/wp-json\/wp\/v2\/comments?post=3140"}],"version-history":[{"count":1,"href":"https:\/\/content.scienceofecd.com\/transcript\/wp-json\/wp\/v2\/pages\/3140\/revisions"}],"predecessor-version":[{"id":3141,"href":"https:\/\/content.scienceofecd.com\/transcript\/wp-json\/wp\/v2\/pages\/3140\/revisions\/3141"}],"wp:attachment":[{"href":"https:\/\/content.scienceofecd.com\/transcript\/wp-json\/wp\/v2\/media?parent=3140"}],"curies":[{"name":"wp","href":"https:\/\/api.w.org\/{rel}","templated":true}]}}

<p class="wp-block-paragraph">La stratégie de recrutement et de rétention de la C.-B. avait pour but de tenter de modifier la façon dont le domaine de l’apprentissage et de la garde des jeunes enfants est perçu en général. Nous avons fait appel à une entreprise qui gère un des plus grands panels nationaux au Canada. Elle le maintient constamment pour qu’il soit représentatif de la population. Nous lui avons demandé de faire un sondage en ligne de dix minutes auprès de ses répondants de la C-B. Nous voulions aussi que les adolescents des répondants, le cas échéant, répondent à un volet spécial portant sur les aspirations de carrière des élèves du secondaire, pour voir si leurs réponses comprenaient l’apprentissage et la garde des jeunes enfants. C’est ce que nous avons appel é un sondage d’opinion publique. Il est un peu plus vaste que la normale, et nos questions diffèrent des questions habituelles, comme les intentions politiques ou la marque de dentifrice favorite. Nous leur avons demandé leur point de vue sur le travail réalisé en apprentissage et garde des jeunes enfants dans la province et sur la main-d’œuvre dans ce domaine, ainsi que s’ils souhaitaient en faire partie et les conditions sous lesquelles ils envisageraient d’en faire partie. En discutant avec notre comité directeur, puis directement avec les travailleurs en apprentissage et garde des jeunes enfants en C.-B., nous avons rapidement appris qu’ils croient qu’une grande partie du public ne reconnaît pas la valeur de leur travail, que le public les voit comme des «&nbsp;ba by-sitters&nbsp;» s’occupant seulement des soins, et qu’il ne voit pas l’aspect éducatif ayant lieu tout au long de la participation d’un enfant à leurs programmes. Nous avons demandé aux travailleurs comment ils croient que leur travail est perçu par les personnes hors de la profession, et environ 44&nbsp;% à 45&nbsp;% ont dit que leur travail était grandement reconnu, ce qui laisse environ la moitié croyant que le public ne reconnaissait pas ce qu’ils font. Par comparaison, dans le sondage d’opinion&nbsp; publique, nous avons demandé aux gens à quel point ils reconnaissaient la valeur du travail réalisé par les éducateurs des jeunes enfants –&nbsp;nous l’abordons sous différents aspects&nbsp;–, mais à la question de base équivalant à&nbsp; celle posée directement aux éducateurs des jeunes enfants sur le sujet de &nbsp;la valeur, 86&nbsp;% des gens ont répondu qu’ils reconnaissaient grandement la valeur du travail des éducateurs des jeunes enfants, ce qui signifie que les travailleurs du domaine ont une perception erronée de ce que les gens hors &nbsp;du domaine pensent de leur travail. Il est très important d’utiliser des forums comme les congrès des éducateurs des jeunes enfants et des publicités sur le travail&nbsp; que nous faisons. Il est fondamental de savoir que notre travail est reconnu et que notre impression fondée sur une quelconque source consultée est potentiellement erronée et n’est pas représentative de la population dans son ensemble.</p>

<p>La stratégie de recrutement et de rétention de la C.-B. avait pour but de tenter de modifier la façon dont le domaine de l’apprentissage et de la garde des jeunes enfants est perçu en général. Nous avons fait appel à une entreprise qui gère un des plus grands panels nationaux au Canada. Elle le maintient [&hellip;]</p>
