{"id":3042,"date":"2025-04-22T21:54:31","date_gmt":"2025-04-22T21:54:31","guid":{"rendered":"https:\/\/content.scienceofecd.com\/transcript\/?page_id=3042"},"modified":"2025-04-22T21:54:31","modified_gmt":"2025-04-22T21:54:31","slug":"transcript-chorney-rubin-curriculum-frameworks-fr","status":"publish","type":"page","link":"https:\/\/content.scienceofecd.com\/transcript\/transcript-chorney-rubin-curriculum-frameworks-fr\/","title":{"rendered":"Transcript Chorney Rubin \u2013 curriculum frameworks \u2013 FR"},"content":{"rendered":"\n<p class=\"wp-block-paragraph\">Un cadre est exactement ce que le mot d\u00e9crit&nbsp;: c\u2019est la structure qui permet au personnel en petite enfance de se fonder sur ce qu\u2019il y a de mieux pour l\u2019apprentissage et le d\u00e9veloppement des enfants. Il poss\u00e8de une valeur et une perspective selon laquelle les enfants sont curieux et pr\u00eats \u00e0 apprendre. Le cadre est bas\u00e9 sur la recherche et les pratiques factuelles. Il est fond\u00e9 sur un ensemble de connaissances. Il fixe les jalons et les feuilles de route de la pratique p\u00e9dagogique pour l\u2019apprentissage des enfants, et le r\u00f4le du personnel en petite enfance dans la mise en place de conditions visant un apprentissage et un d\u00e9veloppement optimaux. Il reconna\u00eet que les interactions et les relations pr\u00e9valent sur presque tout. Il repose sur la compr\u00e9hension de la nature de la r\u00e9ciprocit\u00e9 des partenariats avec les familles et les autres membres du personnel en petite enfance. Il pr\u00e9pare le terrain pour l\u2019adoption de l\u2019approche p\u00e9dagogique du jeu. Il permet d\u2019int\u00e9grer un mod\u00e8le de curriculum fond\u00e9 sur les donn\u00e9es probantes et test\u00e9. Il promeut la valeur du personnel en petite enfance et des autres professionnels dans leur r\u00f4le. Il reconna\u00eet que les r\u00f4les sont ancr\u00e9s dans la pratique r\u00e9flexive, et qu\u2019il faut constamment am\u00e9liorer l\u2019apprentissage et le d\u00e9veloppement p\u00e9dagogiques dans cette notion de communaut\u00e9 d\u2019apprentissage. Il cr\u00e9e donc un v\u00e9ritable cadre qui permet au personnel en petite enfance d\u2019\u00eatre le plus cr\u00e9atif possible et de r\u00e9fl\u00e9chir \u00e0 une planification intentionnelle de l\u2019apprentissage et du d\u00e9veloppement, soutenant l\u2019apprentissage des enfants de fa\u00e7on naturelle et approfondissant la r\u00e9flexion sur la relation entre le personnel, les parents, la communaut\u00e9 et les enfants, ainsi que leur apprentissage les uns avec les autres et les uns par les autres. Un cadre est utile, car il sert de guide.&nbsp; Un guide nous faisant tous suivre une direction qui soutient l\u2019apprentissage des enfants. Il permet la responsabilit\u00e9, la pratique r\u00e9flexive, les mesures par rapport aux objectifs des enfants et des professionnels et le d\u00e9placement des balises selon les progr\u00e8s&nbsp; dans l\u2019apprentissage des enfants. Il cr\u00e9e un environnement o\u00f9 l\u2019on s\u2019attend \u00e0 ce que les parents aient le droit de conna\u00eetre et de comprendre le d\u00e9veloppement de leurs enfants et de savoir qu\u2019ils ont beaucoup \u00e0 offrir, et qu\u2019ils sont consid\u00e9r\u00e9s comme des partenaires dans ce processus. Tous les enfants ont le droit que leur apprentissage et leur d\u00e9veloppement soient r\u00e9alis\u00e9s de fa\u00e7on r\u00e9fl\u00e9chie, enrichissante et propre \u00e0 chaque enfant individuel et aux groupes d\u2019enfants. Le cadre incite le personnel en petite enfance \u00e0 songer \u00e0 sa pratique de tous les jours. C\u2019est une bonne id\u00e9e. D\u2019accord, examinons-la. Pourquoi est-ce une bonne id\u00e9e? Comment informer notre travail ensemble par notre cadre et nos recherches pour offrir aux enfants une activit\u00e9 qui ne fait pas que les int\u00e9resser et les amuser ce qui arrive souvent, et ce qu\u2019on esp\u00e8re; mais plut\u00f4t offrir une pratique pouss\u00e9e \u00e0 laquelle les professionnels ont r\u00e9fl\u00e9chi plus profond\u00e9ment et qui \u00e9tablit des liens avec l\u2019apprentissage, le d\u00e9veloppement, les relations, les familles et la communaut\u00e9. Un cadre offre cela aux membres du personnel en petite enfance et \u00e0 toutes les parties prenantes, pour qu\u2019ils puissent l\u2019utiliser comme guide, ressource et outil. Un cadre n\u2019est pas l\u2019\u00e9quivalent d\u2019un curriculum prescrit. Un cadre offre la structure g\u00e9n\u00e9rale pour aller de l\u2019avant, mais laisse place \u00e0 la cr\u00e9ativit\u00e9 et permet aux professionnels de fonder leurs pratiques sur les observations de l\u2019apprentissage et du d\u00e9veloppement des enfants, et de les jumeler \u00e0 leurs champs d\u2019int\u00e9r\u00eat et \u00e0 ceux d\u2019autres enfants. Il permet de r\u00e9partir les blocs de temps \u00e0 des fins d\u2019exploration. Il permet au personnel en petite enfance de suivre l\u2019initiative des enfants, d\u2019une mani\u00e8re qui int\u00e8gre sa propre r\u00e9flexion et sa propre compr\u00e9hension \u00e0 la pratique.<\/p>\n","protected":false},"excerpt":{"rendered":"<p>Un cadre est exactement ce que le mot d\u00e9crit&nbsp;: c\u2019est la structure qui permet au personnel en petite enfance de se fonder sur ce qu\u2019il y a de mieux pour l\u2019apprentissage et le d\u00e9veloppement des enfants. Il poss\u00e8de une valeur et une perspective selon laquelle les enfants sont curieux et pr\u00eats \u00e0 apprendre. Le cadre [&hellip;]<\/p>\n","protected":false},"author":39,"featured_media":0,"parent":0,"menu_order":0,"comment_status":"closed","ping_status":"closed","template":"template-text-only.php","meta":{"_acf_changed":false,"footnotes":""},"class_list":["post-3042","page","type-page","status-publish","hentry"],"acf":[],"_links":{"self":[{"href":"https:\/\/content.scienceofecd.com\/transcript\/wp-json\/wp\/v2\/pages\/3042","targetHints":{"allow":["GET"]}}],"collection":[{"href":"https:\/\/content.scienceofecd.com\/transcript\/wp-json\/wp\/v2\/pages"}],"about":[{"href":"https:\/\/content.scienceofecd.com\/transcript\/wp-json\/wp\/v2\/types\/page"}],"author":[{"embeddable":true,"href":"https:\/\/content.scienceofecd.com\/transcript\/wp-json\/wp\/v2\/users\/39"}],"replies":[{"embeddable":true,"href":"https:\/\/content.scienceofecd.com\/transcript\/wp-json\/wp\/v2\/comments?post=3042"}],"version-history":[{"count":1,"href":"https:\/\/content.scienceofecd.com\/transcript\/wp-json\/wp\/v2\/pages\/3042\/revisions"}],"predecessor-version":[{"id":3043,"href":"https:\/\/content.scienceofecd.com\/transcript\/wp-json\/wp\/v2\/pages\/3042\/revisions\/3043"}],"wp:attachment":[{"href":"https:\/\/content.scienceofecd.com\/transcript\/wp-json\/wp\/v2\/media?parent=3042"}],"curies":[{"name":"wp","href":"https:\/\/api.w.org\/{rel}","templated":true}]}}

<p class="wp-block-paragraph">Un cadre est exactement ce que le mot décrit&nbsp;: c’est la structure qui permet au personnel en petite enfance de se fonder sur ce qu’il y a de mieux pour l’apprentissage et le développement des enfants. Il possède une valeur et une perspective selon laquelle les enfants sont curieux et prêts à apprendre. Le cadre est basé sur la recherche et les pratiques factuelles. Il est fondé sur un ensemble de connaissances. Il fixe les jalons et les feuilles de route de la pratique pédagogique pour l’apprentissage des enfants, et le rôle du personnel en petite enfance dans la mise en place de conditions visant un apprentissage et un développement optimaux. Il reconnaît que les interactions et les relations prévalent sur presque tout. Il repose sur la compréhension de la nature de la réciprocité des partenariats avec les familles et les autres membres du personnel en petite enfance. Il prépare le terrain pour l’adoption de l’approche pédagogique du jeu. Il permet d’intégrer un modèle de curriculum fondé sur les données probantes et testé. Il promeut la valeur du personnel en petite enfance et des autres professionnels dans leur rôle. Il reconnaît que les rôles sont ancrés dans la pratique réflexive, et qu’il faut constamment améliorer l’apprentissage et le développement pédagogiques dans cette notion de communauté d’apprentissage. Il crée donc un véritable cadre qui permet au personnel en petite enfance d’être le plus créatif possible et de réfléchir à une planification intentionnelle de l’apprentissage et du développement, soutenant l’apprentissage des enfants de façon naturelle et approfondissant la réflexion sur la relation entre le personnel, les parents, la communauté et les enfants, ainsi que leur apprentissage les uns avec les autres et les uns par les autres. Un cadre est utile, car il sert de guide.&nbsp; Un guide nous faisant tous suivre une direction qui soutient l’apprentissage des enfants. Il permet la responsabilité, la pratique réflexive, les mesures par rapport aux objectifs des enfants et des professionnels et le déplacement des balises selon les progrès&nbsp; dans l’apprentissage des enfants. Il crée un environnement où l’on s’attend à ce que les parents aient le droit de connaître et de comprendre le développement de leurs enfants et de savoir qu’ils ont beaucoup à offrir, et qu’ils sont considérés comme des partenaires dans ce processus. Tous les enfants ont le droit que leur apprentissage et leur développement soient réalisés de façon réfléchie, enrichissante et propre à chaque enfant individuel et aux groupes d’enfants. Le cadre incite le personnel en petite enfance à songer à sa pratique de tous les jours. C’est une bonne idée. D’accord, examinons-la. Pourquoi est-ce une bonne idée? Comment informer notre travail ensemble par notre cadre et nos recherches pour offrir aux enfants une activité qui ne fait pas que les intéresser et les amuser ce qui arrive souvent, et ce qu’on espère; mais plutôt offrir une pratique poussée à laquelle les professionnels ont réfléchi plus profondément et qui établit des liens avec l’apprentissage, le développement, les relations, les familles et la communauté. Un cadre offre cela aux membres du personnel en petite enfance et à toutes les parties prenantes, pour qu’ils puissent l’utiliser comme guide, ressource et outil. Un cadre n’est pas l’équivalent d’un curriculum prescrit. Un cadre offre la structure générale pour aller de l’avant, mais laisse place à la créativité et permet aux professionnels de fonder leurs pratiques sur les observations de l’apprentissage et du développement des enfants, et de les jumeler à leurs champs d’intérêt et à ceux d’autres enfants. Il permet de répartir les blocs de temps à des fins d’exploration. Il permet au personnel en petite enfance de suivre l’initiative des enfants, d’une manière qui intègre sa propre réflexion et sa propre compréhension à la pratique.</p>

<p>Un cadre est exactement ce que le mot décrit&nbsp;: c’est la structure qui permet au personnel en petite enfance de se fonder sur ce qu’il y a de mieux pour l’apprentissage et le développement des enfants. Il possède une valeur et une perspective selon laquelle les enfants sont curieux et prêts à apprendre. Le cadre [&hellip;]</p>
