{"id":2695,"date":"2025-04-10T19:50:34","date_gmt":"2025-04-10T19:50:34","guid":{"rendered":"https:\/\/content.scienceofecd.com\/transcript\/?page_id=2695"},"modified":"2025-04-10T19:50:34","modified_gmt":"2025-04-10T19:50:34","slug":"transcript-matthews-developing-brain-fr","status":"publish","type":"page","link":"https:\/\/content.scienceofecd.com\/transcript\/transcript-matthews-developing-brain-fr\/","title":{"rendered":"Transcript Matthews \u2013 developing brain \u2013 FR"},"content":{"rendered":"\n<p>Je crois que l\u2019une des choses les plus importantes du d\u00e9veloppement pr\u00e9natal est que nous passons de deux cellules \u00e0 des milliards de cellules. Il n\u2019est donc pas tr\u00e8s surprenant que l\u2019environnement puisse avoir une grande influence sur le d\u00e9veloppement des syst\u00e8mes de l\u2019organisme tout au long de cette p\u00e9riode de neuf mois. Les effets de l\u2019environnement ne cessent pas \u00e0 la naissance, ils se poursuivent. Je crois que le message important est que le f\u0153tus et le cerveau f\u0153tal sont tr\u00e8s sensibles \u00e0 ce qui se produit dans l\u2019environnement, ce qui entra\u00eene des r\u00e9percussions pour beaucoup d\u2019\u00e9l\u00e9ments. Par exemple, chez les nourrissons pr\u00e9matur\u00e9s, n\u00e9s trop t\u00f4t, le cerveau se d\u00e9veloppe dans un environnement tr\u00e8s diff\u00e9rent de celui qui est in&nbsp;utero. Il faut retenir que le cerveau en d\u00e9veloppement est vraiment \u00e0 l\u2019\u00e9coute de ce qui se passe dans son environnement. Si l\u2019environnement change, le cerveau s\u2019adaptera ou modifiera sa fonction et potentiellement son d\u00e9veloppement pour s\u2019adapter \u00e0 cet environnement modifi\u00e9. Comme nous savons que cela se produit, il est essentiel que nous commencions \u00e0 comprendre les m\u00e9canismes en jeu. Il y a aussi un autre point important \u00e0 ne pas oublier&nbsp;: les \u00e9tudes \u00e9mergeant dans le domaine indiquent qu\u2019un environnement adverse ne provoque pas le m\u00eame effet sur tous les f\u0153tus et les enfants. Certains enfants seront r\u00e9silients et d\u2019autres seront vuln\u00e9rables. Il faut comprendre l\u2019origine de la r\u00e9silience et les facteurs menant \u00e0 la vuln\u00e9rabilit\u00e9, et ce que cela signifie dans le contexte du d\u00e9veloppement f\u0153tal. Si nous pouvons le comprendre, nous pourrons peut-\u00eatre l\u2019exploiter \u00e0 notre avantage. En outre, les fen\u00eatres de sensibilit\u00e9 s\u2019av\u00e8rent critiques. Y a-t-il des moments pendant lesquels les syst\u00e8mes du f\u0153tus sont plus sensibles qu\u2019\u00e0 d\u2019autres? Je sais que la r\u00e9ponse est \u00ab&nbsp;oui&nbsp;\u00bb. C\u2019est une question extr\u00eamement complexe parce que la phase critique du d\u00e9veloppement des reins sera probablement tr\u00e8s diff\u00e9rente de la phase critique du d\u00e9veloppement du cerveau. Et, dans le cerveau m\u00eame, la phase critique du d\u00e9veloppement du cervelet pourrait diff\u00e9rer de la phase critique du d\u00e9veloppement de l\u2019hippocampe. Ces diff\u00e9rentes parties du cerveau peuvent \u00eatre sensibles \u00e0 diff\u00e9rents moments. Nous n\u2019en avons pas encore une bonne compr\u00e9hension. Lorsque nous comprendrons les sensibilit\u00e9s et les m\u00e9canismes, nous pourrons commencer \u00e0 penser \u00e0 des interventions qui pourraient aider \u00e0 neutraliser les effets n\u00e9gatifs de l\u2019adversit\u00e9 t\u00f4t dans la vie, et \u00e0 trouver des moyens de tirer profit des r\u00e9percussions positives que certains environnements peuvent avoir sur le f\u0153tus en d\u00e9veloppement et sur l\u2019enfant.<\/p>\n","protected":false},"excerpt":{"rendered":"<p>Je crois que l\u2019une des choses les plus importantes du d\u00e9veloppement pr\u00e9natal est que nous passons de deux cellules \u00e0 des milliards de cellules. Il n\u2019est donc pas tr\u00e8s surprenant que l\u2019environnement puisse avoir une grande influence sur le d\u00e9veloppement des syst\u00e8mes de l\u2019organisme tout au long de cette p\u00e9riode de neuf mois. Les effets [&hellip;]<\/p>\n","protected":false},"author":39,"featured_media":0,"parent":0,"menu_order":0,"comment_status":"closed","ping_status":"closed","template":"template-text-only.php","meta":{"_acf_changed":false,"footnotes":""},"class_list":["post-2695","page","type-page","status-publish","hentry"],"acf":[],"_links":{"self":[{"href":"https:\/\/content.scienceofecd.com\/transcript\/wp-json\/wp\/v2\/pages\/2695","targetHints":{"allow":["GET"]}}],"collection":[{"href":"https:\/\/content.scienceofecd.com\/transcript\/wp-json\/wp\/v2\/pages"}],"about":[{"href":"https:\/\/content.scienceofecd.com\/transcript\/wp-json\/wp\/v2\/types\/page"}],"author":[{"embeddable":true,"href":"https:\/\/content.scienceofecd.com\/transcript\/wp-json\/wp\/v2\/users\/39"}],"replies":[{"embeddable":true,"href":"https:\/\/content.scienceofecd.com\/transcript\/wp-json\/wp\/v2\/comments?post=2695"}],"version-history":[{"count":1,"href":"https:\/\/content.scienceofecd.com\/transcript\/wp-json\/wp\/v2\/pages\/2695\/revisions"}],"predecessor-version":[{"id":2696,"href":"https:\/\/content.scienceofecd.com\/transcript\/wp-json\/wp\/v2\/pages\/2695\/revisions\/2696"}],"wp:attachment":[{"href":"https:\/\/content.scienceofecd.com\/transcript\/wp-json\/wp\/v2\/media?parent=2695"}],"curies":[{"name":"wp","href":"https:\/\/api.w.org\/{rel}","templated":true}]}}