{"id":2685,"date":"2025-04-10T19:43:40","date_gmt":"2025-04-10T19:43:40","guid":{"rendered":"https:\/\/content.scienceofecd.com\/transcript\/?page_id=2685"},"modified":"2025-04-10T19:43:40","modified_gmt":"2025-04-10T19:43:40","slug":"transcript-lye-cohort-studies-fr","status":"publish","type":"page","link":"https:\/\/content.scienceofecd.com\/transcript\/transcript-lye-cohort-studies-fr\/","title":{"rendered":"Transcript Lye \u2013 cohort studies \u2013 FR"},"content":{"rendered":"\n<p>L\u2019Ontario Birth Study est une enqu\u00eate dans le cadre de laquelle nous suivons des femmes et leur b\u00e9b\u00e9 tout au long de la grossesse jusqu\u2019\u00e0 la naissance. Avec le consentement de la femme pour faire partie de l\u2019enqu\u00eate, nous avons acc\u00e8s \u00e0 ses renseignements cliniques concernant la grossesse, comme des \u00e9chantillons biologiques, soit les frottis vaginaux et les \u00e9chantillons de sang, d\u2019urine et autres. Ceux-ci sont recueillis au m\u00eame moment qu\u2019ils seraient normalement pris pour des raisons cliniques; il ne s\u2019agit pas d\u2019\u00e9chantillons additionnels. La m\u00e8re remplit aussi des questionnaires sur ses ant\u00e9c\u00e9dents m\u00e9dicaux, ses circonstances socio\u00e9conomiques, ses \u00e9tudes, son activit\u00e9 physique, sa nutrition et ses aspects psychosociaux. Nous esp\u00e9rons obtenir un ensemble de donn\u00e9es tr\u00e8s d\u00e9taill\u00e9 concernant toute la grossesse. Gr\u00e2ce aux \u00e9chantillons biologiques, nous pourrons examiner la composition g\u00e9n\u00e9tique de la m\u00e8re et du b\u00e9b\u00e9. Nous pourrons examiner le microbiome. Nous pourrons examiner les interactions entre l\u2019environnement et la composition g\u00e9n\u00e9tique de la m\u00e8re. Nous croyons que nous obtiendrons une \u00e9norme quantit\u00e9 d\u2019information sur l\u2019importance de ces interactions g\u00e8nes- environnement pendant la grossesse. En outre, les b\u00e9b\u00e9s feront l\u2019objet d\u2019un suivi apr\u00e8s la naissance. Ils feront partie d\u2019une cohorte de l\u2019\u00e9tude TARGet Kids, qui fera le suivi de leurs soins p\u00e9diatriques ou g\u00e9n\u00e9ralistes dans le syst\u00e8me de soins de sant\u00e9 primaires. Nous suivons ces enfants pendant leurs premi\u00e8res ann\u00e9es ainsi qu\u2019\u00e0 l\u2019\u00e9cole pour avoir une id\u00e9e des environnements qui les entourent. Ceux-ci interagissent-ils avec la composition g\u00e9n\u00e9tique des enfants pour qu\u2019ils suivent, esp\u00e9rons-le, une trajectoire optimale de sant\u00e9, d\u2019apprentissage et de fonctionnement social. Nous croyons qu\u2019au fil du temps cette cohorte deviendra l\u2019une des plus grandes au monde. Il est pr\u00e9vu qu\u2019\u00e0 mesure que les gens \u00e9tudieront la cohorte, ils placeront leurs r\u00e9sultats dans l\u2019entrep\u00f4t de donn\u00e9es sur la cohorte afin d\u2019enrichir les donn\u00e9es analytiques et les renseignements sur celle-ci. Ces donn\u00e9es seront mises \u00e0 la disposition des enqu\u00eateurs partout dans le monde. Actuellement, le mod\u00e8le de recherche consiste \u00e0 obtenir une subvention pour faire une \u00e9tude. Je fais l\u2019\u00e9tude, par exemple, sur la g\u00e9n\u00e9tique des accouchements pr\u00e9matur\u00e9s. Je d\u00e9finis le g\u00e9notype des m\u00e8res et des b\u00e9b\u00e9s, et je regarde les r\u00e9sultats. Je publie ces donn\u00e9es, mais celles-ci demeurent dans mon laboratoire. Dans le nouveau mod\u00e8le, les donn\u00e9es iront dans la cohorte et seront accessibles aux gens, qui pourront poser des questions comme&nbsp;: \u00ab&nbsp;Comment la g\u00e9n\u00e9tique de la m\u00e8re influence-t-elle le d\u00e9veloppement de son microbiome ou celui de son b\u00e9b\u00e9?&nbsp;\u00bb C\u2019est un nouveau mod\u00e8le, qui est collaboratif plut\u00f4t qu\u2019individuel.<\/p>\n","protected":false},"excerpt":{"rendered":"<p>L\u2019Ontario Birth Study est une enqu\u00eate dans le cadre de laquelle nous suivons des femmes et leur b\u00e9b\u00e9 tout au long de la grossesse jusqu\u2019\u00e0 la naissance. Avec le consentement de la femme pour faire partie de l\u2019enqu\u00eate, nous avons acc\u00e8s \u00e0 ses renseignements cliniques concernant la grossesse, comme des \u00e9chantillons biologiques, soit les frottis [&hellip;]<\/p>\n","protected":false},"author":39,"featured_media":0,"parent":0,"menu_order":0,"comment_status":"closed","ping_status":"closed","template":"template-text-only.php","meta":{"_acf_changed":false,"footnotes":""},"class_list":["post-2685","page","type-page","status-publish","hentry"],"acf":[],"_links":{"self":[{"href":"https:\/\/content.scienceofecd.com\/transcript\/wp-json\/wp\/v2\/pages\/2685","targetHints":{"allow":["GET"]}}],"collection":[{"href":"https:\/\/content.scienceofecd.com\/transcript\/wp-json\/wp\/v2\/pages"}],"about":[{"href":"https:\/\/content.scienceofecd.com\/transcript\/wp-json\/wp\/v2\/types\/page"}],"author":[{"embeddable":true,"href":"https:\/\/content.scienceofecd.com\/transcript\/wp-json\/wp\/v2\/users\/39"}],"replies":[{"embeddable":true,"href":"https:\/\/content.scienceofecd.com\/transcript\/wp-json\/wp\/v2\/comments?post=2685"}],"version-history":[{"count":1,"href":"https:\/\/content.scienceofecd.com\/transcript\/wp-json\/wp\/v2\/pages\/2685\/revisions"}],"predecessor-version":[{"id":2686,"href":"https:\/\/content.scienceofecd.com\/transcript\/wp-json\/wp\/v2\/pages\/2685\/revisions\/2686"}],"wp:attachment":[{"href":"https:\/\/content.scienceofecd.com\/transcript\/wp-json\/wp\/v2\/media?parent=2685"}],"curies":[{"name":"wp","href":"https:\/\/api.w.org\/{rel}","templated":true}]}}