{"id":1498,"date":"2025-03-06T15:09:14","date_gmt":"2025-03-06T15:09:14","guid":{"rendered":"https:\/\/content.scienceofecd.com\/transcript\/?page_id=1498"},"modified":"2025-03-21T16:16:49","modified_gmt":"2025-03-21T16:16:49","slug":"transcript-rundle-indigenous-perspectives-on-child-development-fr","status":"publish","type":"page","link":"https:\/\/content.scienceofecd.com\/transcript\/transcript-rundle-indigenous-perspectives-on-child-development-fr\/","title":{"rendered":"Transcript Rundle \u2013 Indigenous perspectives on child development &#8211; FR"},"content":{"rendered":"\n<p class=\"wp-block-paragraph\">Selon la perspective autochtone, nous observons les \u00e9tapes du d\u00e9veloppement chaque sept ans. Donc, la premi\u00e8re \u00e9tape, qui s\u2019appelle la bonne vie, soit de la naissance jusqu\u2019\u00e0 l\u2019\u00e2ge de sept ans, elle se nomme la bonne vie parce que la perspective traditionnelle et historique des enfants a toujours stipul\u00e9 que les enfants sont les plus importants, ils sont au centre du cercle. Tout tourne autour des enfants. La responsabilit\u00e9 envers les enfants est partag\u00e9e. Et nous nous occupons d\u2019eux, nous les \u00e9duquons. Et tout est fait pour soutenir cet enfant dans le d\u00e9veloppement de sa connaissance de soi et de son identit\u00e9. Il existait beaucoup de traditions, et de c\u00e9r\u00e9monies et de c\u00e9l\u00e9brations centr\u00e9es sur l\u2019enfant, particuli\u00e8rement au cours des sept premi\u00e8res ann\u00e9es de vie. Ces traditions renforcent la fondation pour que cet enfant avance dans son d\u00e9veloppement \u00e0 l\u2019adolescence, \u00e0 l\u2019\u00e2ge adulte et dans sa vieillesse en tant qu\u2019a\u00een\u00e9.<\/p>\n","protected":false},"excerpt":{"rendered":"<p>Selon la perspective autochtone, nous observons les \u00e9tapes du d\u00e9veloppement chaque sept ans. Donc, la premi\u00e8re \u00e9tape, qui s\u2019appelle la bonne vie, soit de la naissance jusqu\u2019\u00e0 l\u2019\u00e2ge de sept ans, elle se nomme la bonne vie parce que la perspective traditionnelle et historique des enfants a toujours stipul\u00e9 que les enfants sont les plus [&hellip;]<\/p>\n","protected":false},"author":39,"featured_media":0,"parent":0,"menu_order":0,"comment_status":"closed","ping_status":"closed","template":"template-text-only.php","meta":{"_acf_changed":false,"footnotes":""},"class_list":["post-1498","page","type-page","status-publish","hentry"],"acf":[],"_links":{"self":[{"href":"https:\/\/content.scienceofecd.com\/transcript\/wp-json\/wp\/v2\/pages\/1498","targetHints":{"allow":["GET"]}}],"collection":[{"href":"https:\/\/content.scienceofecd.com\/transcript\/wp-json\/wp\/v2\/pages"}],"about":[{"href":"https:\/\/content.scienceofecd.com\/transcript\/wp-json\/wp\/v2\/types\/page"}],"author":[{"embeddable":true,"href":"https:\/\/content.scienceofecd.com\/transcript\/wp-json\/wp\/v2\/users\/39"}],"replies":[{"embeddable":true,"href":"https:\/\/content.scienceofecd.com\/transcript\/wp-json\/wp\/v2\/comments?post=1498"}],"version-history":[{"count":3,"href":"https:\/\/content.scienceofecd.com\/transcript\/wp-json\/wp\/v2\/pages\/1498\/revisions"}],"predecessor-version":[{"id":2071,"href":"https:\/\/content.scienceofecd.com\/transcript\/wp-json\/wp\/v2\/pages\/1498\/revisions\/2071"}],"wp:attachment":[{"href":"https:\/\/content.scienceofecd.com\/transcript\/wp-json\/wp\/v2\/media?parent=1498"}],"curies":[{"name":"wp","href":"https:\/\/api.w.org\/{rel}","templated":true}]}}

<p class="wp-block-paragraph">Selon la perspective autochtone, nous observons les étapes du développement chaque sept ans. Donc, la première étape, qui s’appelle la bonne vie, soit de la naissance jusqu’à l’âge de sept ans, elle se nomme la bonne vie parce que la perspective traditionnelle et historique des enfants a toujours stipulé que les enfants sont les plus importants, ils sont au centre du cercle. Tout tourne autour des enfants. La responsabilité envers les enfants est partagée. Et nous nous occupons d’eux, nous les éduquons. Et tout est fait pour soutenir cet enfant dans le développement de sa connaissance de soi et de son identité. Il existait beaucoup de traditions, et de cérémonies et de célébrations centrées sur l’enfant, particulièrement au cours des sept premières années de vie. Ces traditions renforcent la fondation pour que cet enfant avance dans son développement à l’adolescence, à l’âge adulte et dans sa vieillesse en tant qu’aîné.</p>

<p>Selon la perspective autochtone, nous observons les étapes du développement chaque sept ans. Donc, la première étape, qui s’appelle la bonne vie, soit de la naissance jusqu’à l’âge de sept ans, elle se nomme la bonne vie parce que la perspective traditionnelle et historique des enfants a toujours stipulé que les enfants sont les plus [&hellip;]</p>
